{"id":364,"date":"2022-11-16T16:38:02","date_gmt":"2022-11-16T16:38:02","guid":{"rendered":"https:\/\/wingsgo.be\/?page_id=364"},"modified":"2022-11-17T14:11:25","modified_gmt":"2022-11-17T14:11:25","slug":"projets-rh","status":"publish","type":"page","link":"https:\/\/wingsgo.be\/index.php\/projets-rh\/","title":{"rendered":"PROJETS RH"},"content":{"rendered":"<p>[et_pb_section fb_built=\u00a0\u00bb1&Prime; theme_builder_area=\u00a0\u00bbpost_content\u00a0\u00bb _builder_version=\u00a0\u00bb4.19.0&Prime; _module_preset=\u00a0\u00bbdefault\u00a0\u00bb background_color=\u00a0\u00bb#1E232D\u00a0\u00bb hover_enabled=\u00a0\u00bb0&Prime; sticky_enabled=\u00a0\u00bb0&Prime;][et_pb_row _builder_version=\u00a0\u00bb4.19.0&Prime; _module_preset=\u00a0\u00bbdefault\u00a0\u00bb theme_builder_area=\u00a0\u00bbpost_content\u00a0\u00bb][et_pb_column _builder_version=\u00a0\u00bb4.19.0&Prime; _module_preset=\u00a0\u00bbdefault\u00a0\u00bb type=\u00a0\u00bb4_4&Prime; theme_builder_area=\u00a0\u00bbpost_content\u00a0\u00bb][et_pb_text _builder_version=\u00a0\u00bb4.19.0&Prime; _module_preset=\u00a0\u00bbdefault\u00a0\u00bb theme_builder_area=\u00a0\u00bbpost_content\u00a0\u00bb hover_enabled=\u00a0\u00bb0&Prime; sticky_enabled=\u00a0\u00bb0&Prime;]<\/p>\n<h2><strong>Projets RH<\/strong><\/h2>\n<p>[\/et_pb_text][et_pb_text _builder_version=\u00a0\u00bb4.19.0&Prime; _module_preset=\u00a0\u00bbdefault\u00a0\u00bb theme_builder_area=\u00a0\u00bbpost_content\u00a0\u00bb hover_enabled=\u00a0\u00bb0&Prime; sticky_enabled=\u00a0\u00bb0&Prime;]<\/p>\n<p style=\"font-weight: 400;\">J\u2019accompagne des projets strat\u00e9giques ou plus op\u00e9rationnels en fonction des besoins sp\u00e9cifiques des entreprises \u00e0 court ou \u00e0 moyen termes.<\/p>\n<p style=\"font-weight: 400;\">\n<p style=\"font-weight: 400;\">Exemples\u00a0: accompagnement \u00e0 certains changement, strat\u00e9gie d\u2019<em>Employer Branding<\/em>, politique de r\u00e9tention des talents, am\u00e9lioration du processus de recrutement, enqu\u00eates de satisfaction, descriptions de fonction, plans de formation, organigrammes, formulaires d\u2019\u00e9valuation, charte des valeurs, \u2026<span>\u00a0 <\/span><\/p>\n<p style=\"font-weight: 400;\">[\/et_pb_text][\/et_pb_column][\/et_pb_row][et_pb_row _builder_version=\u00a0\u00bb4.19.0&Prime; _module_preset=\u00a0\u00bbdefault\u00a0\u00bb global_colors_info=\u00a0\u00bb{}\u00a0\u00bb theme_builder_area=\u00a0\u00bbpost_content\u00a0\u00bb][et_pb_column type=\u00a0\u00bb4_4&Prime; _builder_version=\u00a0\u00bb4.19.0&Prime; _module_preset=\u00a0\u00bbdefault\u00a0\u00bb global_colors_info=\u00a0\u00bb{}\u00a0\u00bb theme_builder_area=\u00a0\u00bbpost_content\u00a0\u00bb][et_pb_button button_url=\u00a0\u00bbhttps:\/\/wingsgo.be\/#mecontacter\u00a0\u00bb button_text=\u00a0\u00bbpour en savoir plus me contacter\u00a0\u00bb _builder_version=\u00a0\u00bb4.19.0&Prime; _module_preset=\u00a0\u00bbdefault\u00a0\u00bb custom_button=\u00a0\u00bbon\u00a0\u00bb button_border_width=\u00a0\u00bb2px\u00a0\u00bb button_border_radius=\u00a0\u00bb30px\u00a0\u00bb global_colors_info=\u00a0\u00bb{}\u00a0\u00bb theme_builder_area=\u00a0\u00bbpost_content\u00a0\u00bb][\/et_pb_button][\/et_pb_column][\/et_pb_row][et_pb_row _builder_version=\u00a0\u00bb4.19.0&Prime; _module_preset=\u00a0\u00bbdefault\u00a0\u00bb global_colors_info=\u00a0\u00bb{}\u00a0\u00bb theme_builder_area=\u00a0\u00bbpost_content\u00a0\u00bb][et_pb_column type=\u00a0\u00bb4_4&Prime; _builder_version=\u00a0\u00bb4.19.0&Prime; _module_preset=\u00a0\u00bbdefault\u00a0\u00bb global_colors_info=\u00a0\u00bb{}\u00a0\u00bb theme_builder_area=\u00a0\u00bbpost_content\u00a0\u00bb][et_pb_image src=\u00a0\u00bbhttps:\/\/wingsgo.be\/wp-content\/uploads\/2022\/11\/LogoTypeWingsGoV2022.png\u00a0\u00bb title_text=\u00a0\u00bbLogoTypeWingsGoV2022&Prime; align=\u00a0\u00bbcenter\u00a0\u00bb _builder_version=\u00a0\u00bb4.19.0&Prime; _module_preset=\u00a0\u00bbdefault\u00a0\u00bb max_height=\u00a0\u00bb200px\u00a0\u00bb global_colors_info=\u00a0\u00bb{}\u00a0\u00bb theme_builder_area=\u00a0\u00bbpost_content\u00a0\u00bb][\/et_pb_image][\/et_pb_column][\/et_pb_row][\/et_pb_section]<\/p>\n","protected":false},"excerpt":{"rendered":"<p>Projets RHJ\u2019accompagne des projets strat\u00e9giques ou plus op\u00e9rationnels en fonction des besoins sp\u00e9cifiques des entreprises \u00e0 court ou \u00e0 moyen termes. Exemples\u00a0: accompagnement \u00e0 certains changement, strat\u00e9gie d\u2019Employer Branding, politique de r\u00e9tention des talents, am\u00e9lioration du processus de recrutement, enqu\u00eates de satisfaction, descriptions de fonction, plans de formation, organigrammes, formulaires d\u2019\u00e9valuation, charte des valeurs, \u2026\u00a0<\/p>\n","protected":false},"author":1,"featured_media":0,"parent":0,"menu_order":0,"comment_status":"closed","ping_status":"closed","template":"","meta":{"_et_pb_use_builder":"on","_et_pb_old_content":"","_et_gb_content_width":"","footnotes":""},"class_list":["post-364","page","type-page","status-publish","hentry"],"yoast_head":"<!-- This site is optimized with the Yoast SEO plugin v26.8 - https:\/\/yoast.com\/product\/yoast-seo-wordpress\/ -->\n<title>PROJETS RH - WingsGo<\/title>\n<meta name=\"robots\" content=\"index, follow, max-snippet:-1, max-image-preview:large, max-video-preview:-1\" \/>\n<link rel=\"canonical\" href=\"https:\/\/wingsgo.be\/index.php\/projets-rh\/\" \/>\n<meta property=\"og:locale\" content=\"fr_FR\" \/>\n<meta property=\"og:type\" content=\"article\" \/>\n<meta property=\"og:title\" content=\"PROJETS RH - WingsGo\" \/>\n<meta property=\"og:description\" content=\"Projets RHJ\u2019accompagne des projets strat\u00e9giques ou plus op\u00e9rationnels en fonction des besoins sp\u00e9cifiques des entreprises \u00e0 court ou \u00e0 moyen termes. Exemples\u00a0: accompagnement \u00e0 certains changement, strat\u00e9gie d\u2019Employer Branding, politique de r\u00e9tention des talents, am\u00e9lioration du processus de recrutement, enqu\u00eates de satisfaction, descriptions de fonction, plans de formation, organigrammes, formulaires d\u2019\u00e9valuation, charte des valeurs, \u2026\u00a0\" \/>\n<meta property=\"og:url\" content=\"https:\/\/wingsgo.be\/index.php\/projets-rh\/\" \/>\n<meta property=\"og:site_name\" content=\"WingsGo\" \/>\n<meta property=\"article:publisher\" content=\"https:\/\/www.facebook.com\/WingsGo.be\" \/>\n<meta property=\"article:modified_time\" content=\"2022-11-17T14:11:25+00:00\" \/>\n<meta name=\"twitter:card\" content=\"summary_large_image\" \/>\n<script type=\"application\/ld+json\" class=\"yoast-schema-graph\">{\"@context\":\"https:\/\/schema.org\",\"@graph\":[{\"@type\":\"WebPage\",\"@id\":\"https:\/\/wingsgo.be\/index.php\/projets-rh\/\",\"url\":\"https:\/\/wingsgo.be\/index.php\/projets-rh\/\",\"name\":\"PROJETS RH - WingsGo\",\"isPartOf\":{\"@id\":\"https:\/\/wingsgo.be\/#website\"},\"datePublished\":\"2022-11-16T16:38:02+00:00\",\"dateModified\":\"2022-11-17T14:11:25+00:00\",\"breadcrumb\":{\"@id\":\"https:\/\/wingsgo.be\/index.php\/projets-rh\/#breadcrumb\"},\"inLanguage\":\"fr-FR\",\"potentialAction\":[{\"@type\":\"ReadAction\",\"target\":[\"https:\/\/wingsgo.be\/index.php\/projets-rh\/\"]}]},{\"@type\":\"BreadcrumbList\",\"@id\":\"https:\/\/wingsgo.be\/index.php\/projets-rh\/#breadcrumb\",\"itemListElement\":[{\"@type\":\"ListItem\",\"position\":1,\"name\":\"Home\",\"item\":\"https:\/\/wingsgo.be\/\"},{\"@type\":\"ListItem\",\"position\":2,\"name\":\"PROJETS RH\"}]},{\"@type\":\"WebSite\",\"@id\":\"https:\/\/wingsgo.be\/#website\",\"url\":\"https:\/\/wingsgo.be\/\",\"name\":\"WingsGo\",\"description\":\"Deploy to Enjoy\",\"potentialAction\":[{\"@type\":\"SearchAction\",\"target\":{\"@type\":\"EntryPoint\",\"urlTemplate\":\"https:\/\/wingsgo.be\/?s={search_term_string}\"},\"query-input\":{\"@type\":\"PropertyValueSpecification\",\"valueRequired\":true,\"valueName\":\"search_term_string\"}}],\"inLanguage\":\"fr-FR\"}]}<\/script>\n<!-- \/ Yoast SEO plugin. -->","yoast_head_json":{"title":"PROJETS RH - WingsGo","robots":{"index":"index","follow":"follow","max-snippet":"max-snippet:-1","max-image-preview":"max-image-preview:large","max-video-preview":"max-video-preview:-1"},"canonical":"https:\/\/wingsgo.be\/index.php\/projets-rh\/","og_locale":"fr_FR","og_type":"article","og_title":"PROJETS RH - WingsGo","og_description":"Projets RHJ\u2019accompagne des projets strat\u00e9giques ou plus op\u00e9rationnels en fonction des besoins sp\u00e9cifiques des entreprises \u00e0 court ou \u00e0 moyen termes. Exemples\u00a0: accompagnement \u00e0 certains changement, strat\u00e9gie d\u2019Employer Branding, politique de r\u00e9tention des talents, am\u00e9lioration du processus de recrutement, enqu\u00eates de satisfaction, descriptions de fonction, plans de formation, organigrammes, formulaires d\u2019\u00e9valuation, charte des valeurs, \u2026\u00a0","og_url":"https:\/\/wingsgo.be\/index.php\/projets-rh\/","og_site_name":"WingsGo","article_publisher":"https:\/\/www.facebook.com\/WingsGo.be","article_modified_time":"2022-11-17T14:11:25+00:00","twitter_card":"summary_large_image","schema":{"@context":"https:\/\/schema.org","@graph":[{"@type":"WebPage","@id":"https:\/\/wingsgo.be\/index.php\/projets-rh\/","url":"https:\/\/wingsgo.be\/index.php\/projets-rh\/","name":"PROJETS RH - WingsGo","isPartOf":{"@id":"https:\/\/wingsgo.be\/#website"},"datePublished":"2022-11-16T16:38:02+00:00","dateModified":"2022-11-17T14:11:25+00:00","breadcrumb":{"@id":"https:\/\/wingsgo.be\/index.php\/projets-rh\/#breadcrumb"},"inLanguage":"fr-FR","potentialAction":[{"@type":"ReadAction","target":["https:\/\/wingsgo.be\/index.php\/projets-rh\/"]}]},{"@type":"BreadcrumbList","@id":"https:\/\/wingsgo.be\/index.php\/projets-rh\/#breadcrumb","itemListElement":[{"@type":"ListItem","position":1,"name":"Home","item":"https:\/\/wingsgo.be\/"},{"@type":"ListItem","position":2,"name":"PROJETS RH"}]},{"@type":"WebSite","@id":"https:\/\/wingsgo.be\/#website","url":"https:\/\/wingsgo.be\/","name":"WingsGo","description":"Deploy to Enjoy","potentialAction":[{"@type":"SearchAction","target":{"@type":"EntryPoint","urlTemplate":"https:\/\/wingsgo.be\/?s={search_term_string}"},"query-input":{"@type":"PropertyValueSpecification","valueRequired":true,"valueName":"search_term_string"}}],"inLanguage":"fr-FR"}]}},"_links":{"self":[{"href":"https:\/\/wingsgo.be\/index.php\/wp-json\/wp\/v2\/pages\/364","targetHints":{"allow":["GET"]}}],"collection":[{"href":"https:\/\/wingsgo.be\/index.php\/wp-json\/wp\/v2\/pages"}],"about":[{"href":"https:\/\/wingsgo.be\/index.php\/wp-json\/wp\/v2\/types\/page"}],"author":[{"embeddable":true,"href":"https:\/\/wingsgo.be\/index.php\/wp-json\/wp\/v2\/users\/1"}],"replies":[{"embeddable":true,"href":"https:\/\/wingsgo.be\/index.php\/wp-json\/wp\/v2\/comments?post=364"}],"version-history":[{"count":4,"href":"https:\/\/wingsgo.be\/index.php\/wp-json\/wp\/v2\/pages\/364\/revisions"}],"predecessor-version":[{"id":467,"href":"https:\/\/wingsgo.be\/index.php\/wp-json\/wp\/v2\/pages\/364\/revisions\/467"}],"wp:attachment":[{"href":"https:\/\/wingsgo.be\/index.php\/wp-json\/wp\/v2\/media?parent=364"}],"curies":[{"name":"wp","href":"https:\/\/api.w.org\/{rel}","templated":true}]}}